ose -3*u = 5*a - 4*u + 17404, 6940 = -2*a - 5*u. Let y = 17551 + a. Is y a prime number?
True
Let l(z) = 2337*z**2 - 10*z - 4. Let s be l(5). Suppose -2*p + s = -8203. Is p composite?
False
Let l = 10312 - 9257. Let b be ((-5)/4 + -1)*-4. Suppose -3814 = -b*o + l. Is o a prime number?
True
Let x = -5 + 16. Let n(p) = 3*p**2 - 15*p + 12. Let q be n(x). Suppose -492 = -k + i + q, -5*k + 3492 = i. Is k prime?
False
Let n(p) be the third derivative of p**6/120 + 3*p**5/20 - 3*p**4/8 + 2*p**3 + 32*p**2. Let l be n(-10). Is (l/2)/((-1)/(-2789)) prime?
True
Let n = -865074 + 1468541. Is n composite?
False
Suppose -3528*g + 3520*g = -29336. Is g composite?
True
Suppose o - 3*u + 144 = 6*o, -3*o = -2*u - 94. Let t be 744/(-10)*o/(-9). Let f = t - 153. Is f a composite number?
True
Let n = -162 + 93. Let a = n - -73. Suppose 6182 = 2*i - 0*i + 5*k, 0 = -a*i + 5*k + 12424. Is i a prime number?
False
Let q be (6/4)/((-24)/32). Let m be 3/(q*(-4)/8). Suppose 11*d - 8900 = 6*d - 5*i, -m*i = -2*d + 3545. Is d a prime number?
True
Let x = 89 + -117. Let c be (5 - x)/(9/444). Suppose -69*t + c = -65*t. Is t a prime number?
False
Suppose 84*q - 90*q - 163776 = 0. Is (6/24)/((-4)/q) a prime number?
False
Suppose -62*l + 9016393 + 17251420 = 81*l. Is l a prime number?
True
Suppose -4*s - 3*p + 315842 = 0, -2*s + 75*p = 73*p - 157914. Is s a composite number?
True
Suppose -9 = -2*o - 1. Suppose 564 = -0*y + o*y. Suppose -2*v + y + 389 = 0. Is v composite?
True
Suppose -734748542 = -645*u + 575775006 + 183017167. Is u prime?
True
Let l(y) = -9*y + 48 - 2*y + 13*y. Let m be l(-23). Suppose -3*i = -m*t + i + 3554, 2*i = 0. Is t prime?
True
Let j(l) = 2*l**2 + 16*l - 9. Let f be j(-9). Suppose 5*i + 7*w = f*w + 8199, w = 5*i - 8197. Is i prime?
False
Suppose 14*b = 18*b - 140. Suppose -3*z - b = -44. Suppose z*w - 4*j - 1518 = 2499, -2*j - 1337 = -w. Is w a prime number?
False
Suppose -3*p + 181289 = 2*z, -p + 2*z + 16566 = -43861. Is p a composite number?
True
Let y(i) = 112*i**2 - 20 + 3*i**2 + 12*i - 59*i**2 - 6. Is y(6) prime?
False
Suppose 0 = 45*x - 21128344 + 1226959. Is x a prime number?
False
Let d = 619 - 1008. Let y = 1456 + d. Is y composite?
True
Is (-2 + 72)/(2/132) + 1 composite?
False
Let y be -355 - ((-2)/(-1) - -2). Let x = 149 - y. Suppose -5*n = -2107 - x. Is n a prime number?
True
Suppose 5*g + 4*p = 20306, -3*g + p + 12119 + 68 = 0. Suppose 354 = -4*w + g. Let y = w - 482. Is y prime?
False
Let d be (-11)/(-5) + 6/(-30). Suppose 2*v = -3*c + 470, -4*v - 4*c + 472 = -d*v. Suppose 7*n = 3*n + v. Is n prime?
False
Is (-164553)/(-33) + 144/264 a prime number?
True
Suppose -2*r + 36443 = -d, -8*d = r - 10*d - 18220. Is (r/10)/((-12)/(-20)) prime?
True
Let m(i) = 9961*i - 4446. Is m(131) composite?
True
Suppose 185 = -2*c - c + 5*x, 4*x = -5*c - 370. Let k be -2 - c/(-4)*(-372)/(-15). Let d = 631 - k. Is d prime?
False
Suppose -23*j = -31708 - 137296. Is 4*1/6 - j/(-12) prime?
True
Suppose 2*v - 2 = 0, -24*v = 2*j - 22*v + 174. Is 751 + (-3)/2*j/66 prime?
False
Let c(o) = 297*o - 946. Is c(55) a prime number?
False
Suppose 0 = 10*d - 12*d - 11*d. Suppose -3*l + 4 = 1. Is -29*(d + 7)*(l + -2) prime?
False
Let z(t) = 1087*t**3 - 2*t**2 - 3*t - 1. Let c(o) = -1085*o**3 + 3*o**2 + 2*o + 1. Let g(s) = -2*c(s) - 3*z(s). Is g(-2) a composite number?
False
Is ((-220)/(-33))/4 + 3273036/18 a composite number?
False
Suppose -4*t + 2*k + 3 = -1, 3 = 5*t - 2*k. Let a be (-8 + 4 - t) + 5. Suppose a*n - 19 = -3*r - 6, 0 = n - 5*r - 39. Is n prime?
False
Let m = -60588 - -86897. Is m composite?
False
Let i(r) = 709*r**2 + 159*r + 1323. Is i(-8) a prime number?
True
Let t = -445 + 455. Is (t + 1)*(51 - -112) prime?
False
Let h = -2279 - -3690. Is h a prime number?
False
Suppose -9*q = -5*q - 56. Suppose 1 = 3*o - 62. Is 3246/4 + o/q a composite number?
True
Let o be 5*(24/14)/(10/(-28343)). Is (2 + 40/(-24))/((-2)/o) a composite number?
False
Is (-986262 + -6)*(-14)/168 prime?
True
Let f(x) = -4096*x + 57. Let s(d) = 1364*d - 19. Let i(k) = -4*f(k) - 11*s(k). Is i(1) composite?
False
Is (2186706/4)/((-417)/(-278)) a composite number?
False
Suppose 54*i - 58*i = -16. Suppose 12*c - 139056 = -i*c. Is c prime?
False
Is -12135*(-110)/231 - 6/(-14) prime?
True
Suppose 3*t - 5*d = 673183, -4*t + 645859 + 251753 = 2*d. Is t a composite number?
False
Suppose -30792 = 54*z - 42*z. Let h = z - -5769. Is h a prime number?
True
Suppose 764 - 794 = -6*t. Is -928*20/(-50) - 1/t a prime number?
False
Let l(f) = 25*f**2 - 6*f - 18. Suppose -6*h - 75 = -33. Is l(h) a composite number?
False
Is (1 + (-224868)/(-30))/(7/805 + 0) a prime number?
False
Let f(k) = k**3 - 10*k**2 + 8*k + 15. Suppose -o + 4 + 36 = 4*t, 0 = -3*t - 2*o + 35. Let l be f(t). Is (3508/l)/((-8)/(-12)) a prime number?
True
Let y = 25 + -73. Let u be (1 + (-3)/2)*y/(-12). Is u/7 - (-9207)/7 a composite number?
True
Let x = 784644 - 366133. Is x a composite number?
False
Let z = 899017 - 270050. Is z composite?
True
Let h(w) = w**3 + 11*w**2 + 9*w + 25. Let g be h(-10). Let r = g - 32. Suppose -r*z = -0*z - 327. Is z prime?
True
Suppose 0 = 2*o + y - 108484, -3*o - y = -149770 - 12955. Is o a composite number?
True
Let u = 289461 + -180410. Is u composite?
True
Let g = -1574 - -4019. Suppose 7*f = 24736 + g. Is f prime?
False
Suppose 3*t = -6, -3*c + 1471413 = 3*t + 296052. Is c prime?
True
Let p be (-27)/63 + (-20)/(-14) + 0. Is p*24646*((-62)/(-4) + -15) a prime number?
True
Suppose 13029 = -8*n + 107165. Suppose 5*y = 2*u - 13327, -3*u = -4*y - n - 8234. Is u prime?
False
Suppose 0 = -x - 3*b - 16, -3*x - 2*b - 39 = 44. Let c = -28 - x. Suppose -i + 2*d + 214 = c*i, 4 = -4*d. Is i prime?
True
Suppose 83*z - 36 = 79*z. Suppose 0 = z*g - 153039 - 16206. Is g composite?
True
Suppose -2*h + p = 111, 4*p - 137 - 91 = 4*h. Let b be (-26)/39*h/(-4)*-1. Suppose -4*r - 3345 = -b*r + 5*f, -5*r - 2*f + 3331 = 0. Is r a composite number?
True
Suppose 4*s = -3*c + 335, 2*c + 4*s + 210 = 4*c. Suppose 0*g = -4*g - 104. Let w = c + g. Is w a composite number?
False
Let i(s) = 4*s**2 - s + 10. Suppose -2*h + 3*h - 22 = 0. Let x = h + -9. Is i(x) a composite number?
False
Let d(x) = -x**3 - 3*x**2 + 13*x - 8. Let a(v) = -3*v - 33. Let t be a(-11). Let i = -7 - t. Is d(i) prime?
True
Let p be (1 + 1)*(3 - 2). Let l(u) = p - 411*u + 95*u + 3. Is l(-3) composite?
False
Let o(l) = 27320*l + 169. Is o(21) composite?
True
Let h(i) = -2*i + 2. Let r(v) = -7174*v - 9. Let f(q) = -6*h(q) - r(q). Is f(1) a composite number?
True
Let d be ((-6)/8)/((-17)/66912). Suppose -10029 = -3*n + 3*y, 4*y - d = -n + 391. Is n a composite number?
False
Suppose -g + 3*q + 188459 = 0, 17 = -5*q - 3. Is g a composite number?
True
Let p(k) = k**2 - 9*k - 87. Let d be p(15). Suppose 3*a = -2*h + 16335, 2*a + 2 = -0. Suppose 5*o + b = 5*b + h, 0 = d*o - b - 4907. Is o a composite number?
False
Suppose 3*j + 4*j - 2*j = 0. Suppose j = -h + 121 + 366. Is h composite?
False
Let q(n) = -n**3 + 15*n**2 + 2*n - 25. Let c be q(15). Suppose 10 = -3*t + 2*t - 5*k, -c*t - k = 2. Is 421 + -1*(0 - -2) + t composite?
False
Let s(g) = -g**2 - 420*g + 4418. Let t be s(10). Suppose 4*f - 653 = -5*n, -5*n + 4*f + 671 = 2*f. Let u = n + t. Is u a prime number?
True
Suppose 2*p + 89*p - 7713358 = 18848359. Is p prime?
True
Suppose 4*z - 318365 = -k + 62704, 3*z + 6*k = 285765. Is z a prime number?
False
Suppose -102*c = -101*c - 2854. Suppose -3*i = -5*m - 4696, -5*i + c = 5*m - 4986. Is i a composite number?
False
Let r(i) = 12*i**2 + i**3 + 4*i**2 - 32*i - 3 - 29*i + 75*i. Let p be r(-15). Is (-4)/p*4020/(-4) a composite number?
True
Let b = 676922 + -25641. Is b a composite number?
False
Let l(q) = q**3 + 8*q**2 + 11*q + 28. Let s be l(-7). Suppose s*j - 1363 = -j. Is j a prime number?
False
Let w be 245/(-13) + 6 - (-6)/(-39). Let k(y) = 7 - 19*y + 0 - 1. Is k(w) a composite number?
True
Let d(x) be the second derivative of x**5/20 - x**4/6 + 11*x**3/3 - 19*x**2 + 4*x - 6. Is d(15) a prime number?
True
Let p be 4/26 - 2670576/(-598). Let v = 11859 - p. Is v prime?
True
Let n = 91 + -19. Let u = n + -69. Suppose 0*l - 427 = -l - u*t, -1281 = -3*l - 5*t. Is l a prime number?
False
Let r be (-79)/4 - (-6)/(-24). Let q be ((-78)/(-18) - 4)*6. Is (-2 + r)*-23 - (3 - q) prime